rs of f.
13, 47
Let y = 162 + -67. Suppose -6*i + y = -i. List the prime factors of i.
19
Suppose -2*u - 3*w + 3205 = -1640, -2*w = -u + 2405. What are the prime factors of u?
3, 5, 7, 23
List the prime factors of (-15)/(450/(-40645)) + (-1)/(-6).
5, 271
List the prime factors of (-5643750)/(-3655) + (-2)/17.
2, 193
Let p be -8 - -10 - (-2 + 4)/(-2). Suppose x = -k + 39, 0 = x + x - p*k - 58. List the prime factors of x.
5, 7
Let i be 174/(-4)*10/3. What are the prime factors of (-2 - -8)/((-10)/i)?
3, 29
Suppose -31 = -3*h + 5. Suppose -h = 5*g - g, 3*c - 33 = 4*g. Suppose 5*u - c = 63. What are the prime factors of u?
2, 7
Let m(l) be the first derivative of -4*l**3/3 + 37*l**2/2 + l - 14. List the prime factors of m(8).
41
Suppose 203*p - 212*p + 702 = 0. List the prime factors of p.
2, 3, 13
Suppose -2586 = -3*w - 3*d, 3*w - d - 1739 = w. List the prime factors of w.
3, 17
Let a = -62 - -67. Suppose 5*y = -a*r + 365, 2*y - 2*r - 111 = 3*r. What are the prime factors of y?
2, 17
Suppose 0 = j - 6*j + 145. List the prime factors of j.
29
Let h(f) = 30*f**2 - 6*f + 3. List the prime factors of h(3).
3, 5, 17
Suppose 0 = -5*c - 20, -p + 591 = -2*c + 56. What are the prime factors of p?
17, 31
Let g(w) = w**2 + 8*w + 6. Let r be g(-7). List the prime factors of 53/((3 + -4)/r).
53
Suppose -4*t + 5*l + 6042 = -14585, 0 = 5*t + 3*l - 25830. List the prime factors of t.
3, 1721
Let o(i) = i**3 - 7*i**2 - 6*i - 11. Let k be o(8). Suppose -5*a + a = -2*a. Suppose -f + 18 = -x, -x + k = -a. List the prime factors of f.
23
Suppose 2*z + j - 733 - 25 = 0, 5*j - 370 = -z. What are the prime factors of z?
2, 5, 19
Suppose -v = -5*i - 28 - 7, -5*v = -3*i - 65. Let w = v + -9. List the prime factors of (-5*w)/(7/(-35)).
5
Let h = 58 - -222. List the prime factors of h.
2, 5, 7
Suppose -3*w - 16692 = -16*w. What are the prime factors of w?
2, 3, 107
Let g(h) = -h**3 - 8*h**2 - 6*h - 1. Let i be g(-7). What are the prime factors of i/(-10)*(-80)/(-2)?
2
Suppose -3*v + 2099 = -0*u + 2*u, 1392 = 2*v + 5*u. What are the prime factors of v?
701
Let i be 32/8 - -1*3. List the prime factors of 482/7 - (-1)/i.
3, 23
Let a(w) = -3*w**2 + 17*w + 6. Let l be a(6). Suppose l = 15*b - 7*b - 720. List the prime factors of b.
2, 3, 5
Suppose -3*y + 1047 = 3*d, 4*d - 5*y - 1310 - 50 = 0. List the prime factors of d.
3, 5, 23
Suppose -5*h + 7 = -f - 8, 4*f + 12 = -4*h. Suppose 4*z = 4*n + 44, -2*z = -6*z + h*n + 42. Suppose -8*i = -z*i + 98. List the prime factors of i.
7
Let o be 9 - (1 + (-9)/3). List the prime factors of 2/o + 1479/33.
3, 5
Suppose m + 5*f = 22, 0 = -0*f + f - 1. Let n = 21 - m. Suppose -n*q - 8 + 52 = 0. List the prime factors of q.
11
Let o be 15/3*(-4)/10*-3. Suppose -5*f = -15, 2*k + 18 = -5*f + 87. What are the prime factors of 620/45 + o/k?
2, 7
What are the prime factors of 1658 - (16/(-12))/(2/6)?
2, 3, 277
Let n(i) be the first derivative of -47*i**5/120 + i**4/12 + 8*i**3/3 - 1. Let k(t) be the third derivative of n(t). List the prime factors of k(-1).
7
What are the prime factors of (-1)/3*(4 + 2) + 54?
2, 13
Suppose -62*s + 58*s = -668. What are the prime factors of s?
167
Suppose -62 + 212 = 5*u. List the prime factors of -2*-2*u - 0.
2, 3, 5
Let q(c) = 15*c + 14. Let h(i) = 15*i + 14. Let z(f) = 7*h(f) - 6*q(f). List the prime factors of z(6).
2, 13
Suppose 3*g = -g + 4, 3*s - g = -7. List the prime factors of 8 - 4 - (s + -2).
2
Let d be (0 + -8 - 0)*(-1)/(-2). List the prime factors of (-2)/d*2 - -21.
2, 11
Let l be -6*2/(-4) + 0. Suppose 0 = -a - l*k - 10, 2*k - 5*k = -3*a - 6. List the prime factors of a/8 + 153/6.
5
Let t be 0 - (27 - (-2)/(-1)). Let l = t - -30. List the prime factors of l.
5
Suppose 0 = -8*h + 22 + 10. Suppose m - 73 = -h. What are the prime factors of m?
3, 23
Suppose 0 = -9*u + 5*u - 140. Let d = -6 - u. List the prime factors of d.
29
Suppose -3*j + 37 = 5*v, -v + 0*v - 4*j = -4. Let d be (-2)/v - 235/20. Let w = 15 - d. List the prime factors of w.
3
Let d be (2/(-7))/((-4)/14). Let b be 0/(-3) - d/1. List the prime factors of 8 + 3 + -1 + b.
3
Let m be (-80)/5 - (-1)/1. Let b be (-48)/(-60)*2*m. What are the prime factors of (b/(-16))/((-6)/(-128))?
2
Suppose 0 = -3*m, -4*m + m = 4*w - 20. Suppose -w*d + 1136 = -14. Suppose f + d = 6*f. What are the prime factors of f?
2, 23
Let k = 35 - -34. Suppose 5*g = 4 + 1, 0 = 2*z - 5*g - k. What are the prime factors of z?
37
Let o = 1889 - 980. What are the prime factors of o?
3, 101
Suppose -5*w + 3*f = -4701, -5*w + 4716 = 2*f - 0*f. What are the prime factors of w?
2, 3, 157
Suppose 43 - 27 = 4*x. Suppose -44 = 4*m - x*r, 0*m - 31 = 3*m - 4*r. Let z = m + 27. List the prime factors of z.
2, 7
Let k(f) = f**3 - 22*f**2 + 20*f - 5. Let m be k(21). Let q = 41 - m. List the prime factors of q.
67
Suppose -2*u - 5*m - 230 = 0, -u - 2*m - 118 = -m. Let g = -34 - u. What are the prime factors of g?
2, 43
List the prime factors of (271 + -1)*(8 - 2/10).
2, 3, 13
Let n = 2 + 4. Suppose n*m = m + 75. Suppose -d + m = -7. What are the prime factors of d?
2, 11
Let v(f) = 39*f**2 + 15*f - 21. List the prime factors of v(-7).
3, 5, 7, 17
Let v(j) = 77*j**2 - 31*j + 22. List the prime factors of v(7).
2, 1789
Let v be 0 - 46/(-12) - 8/(-48). Let b(l) be the second derivative of 2*l**3/3 - 3*l**2 - l. What are the prime factors of b(v)?
2, 5
Let j be 2 + 482/(-5) + (-4)/(-10). Let z = -26 - j. List the prime factors of z.
2, 17
Let g(c) = -4*c + 10*c - 15*c + 9 + c**2. Let p be g(8). Let y(d) = 4*d + 2. What are the prime factors of y(p)?
2, 3
Let c(j) be the third derivative of 3*j**6/40 - j**5/15 + j**4/8 + j**3/6 + 20*j**2. What are the prime factors of c(2)?
3, 7
Let o(x) = 4*x**2 + 10*x + 32. List the prime factors of o(15).
2, 541
Suppose f = 3*f - 14. Let a(j) = -j**2 + 0*j**2 - 5 + 9*j + 3 - f. What are the prime factors of a(6)?
3
Let y be -150*(0 - (-2)/(-3)). Suppose -4*j + 4*a = -280, 0 = 3*j - 2*a - y - 107. Let v = j + -30. What are the prime factors of v?
37
Suppose -64*t + 71*t = 2072. List the prime factors of t.
2, 37
Let z be (1 - 0)*(0 - 0). Suppose 2*w + w + 3*t - 54 = z, -t + 31 = 2*w. Let l = w - 10. List the prime factors of l.
3
Let a be ((-9)/(-9))/(1/32). Let g = a + 21. What are the prime factors of g?
53
Let r = -2 - 6. Let y = 23 + r. Suppose 0 = -5*h + y + 30. What are the prime factors of h?
3
Let g(h) = 10*h**2 + 55*h + 15. What are the prime factors of g(16)?
5, 691
Let k(a) = -a**2 + a + 2. Let z = -4 + 6. Suppose -2*y = z*y. List the prime factors of k(y).
2
Let p(d) = -74*d + 146. What are the prime factors of p(-5)?
2, 3, 43
Let m(k) = -138*k + 48. List the prime factors of m(-3).
2, 3, 7, 11
List the prime factors of ((-38472)/(-70))/(2/10).
2, 3, 229
What are the prime factors of (167/(-4))/((-121)/14036)?
29, 167
Suppose -3*c = 3*d, -2*d + 3 = c + 2*d. List the prime factors of -3 - (-118 - (c + 0)).
2, 3, 19
Let i = -18 + 39. Suppose -28 = -f + i. What are the prime factors of f?
7
Let g(h) = 6*h + 1. Suppose r + 0*r = 3. What are the prime factors of g(r)?
19
Let w = -2134 - -3033. What are the prime factors of w?
29, 31
List the prime factors of 931/(-14)*24/(-14).
2, 3, 19
Let u be 148*(1 - (2 + 1)). Let h = -194 - u. List the prime factors of h.
2, 3, 17
Let a(v) = 10*v**2 - v + 1. Let q be a(-2). Suppose -2*c - i = -2*i, 0 = -5*i + 20. Suppose -2*g = h + c - 13, 3*h - q = 4*g. List the prime factors of h.
13
Let a(y) = -y**2 + 25*y + 8. List the prime factors of a(25).
2
Let d = -47 - -62. Let t = 182 + d. What are the prime factors of t?
197
Let q be (344/10)/(6/15). Let u(x) = -3*x**2 + 3*x - 8. Let k be u(4). Let p = q + k. What are the prime factors of p?
2, 3, 7
Suppose 7*a - 4 = 6*a. Let u(x) = 2*x**2 - x - 2. Let j be u(a). Suppose -3*z = -95 + j. List the prime factors of z.
23
List the prime factors of (-177)/(3 - (-3 + 7)).
3, 59
What are the prime factors of 6*(-554)/3*10/(-4)?
2, 5, 277
Let p(t) = -3*t**2 + 21*t - 45. Let u(f) = f**2 - 7*f + 15. Let h(q) = -4*p(q) - 11*u(q). Let v be h(6). Let s(a) = 7*a + 7. List the prime factors of s(v).
2, 5, 7
Let i be ((-6)/(-7))/((-44)/(-154)). Suppose 2*p = -3*w + 84 + 68, 0 = -i*p + 3. What are the prime factors of w?
2, 5
Suppose -71*t + 75*t - 1372 = 0. List the prime factor